, 5, 7, 11
List the prime factors of 65004.
2, 3, 5417
What are the prime factors of 5213948?
2, 59, 22093
List the prime factors of 5906032.
2, 11, 23, 1459
What are the prime factors of 349758?
2, 3, 17, 127
What are the prime factors of 4852608?
2, 3, 12637
What are the prime factors of 3149095?
5, 629819
List the prime factors of 7027028.
2, 523, 3359
What are the prime factors of 15073374?
2, 3, 2512229
What are the prime factors of 565595?
5, 31, 41, 89
What are the prime factors of 2289555?
3, 5, 83, 613
What are the prime factors of 1000863?
3, 19, 1951
What are the prime factors of 4516849?
17, 37, 43, 167
What are the prime factors of 11311704?
2, 3, 52369
List the prime factors of 7489561.
7489561
List the prime factors of 3905292.
2, 3, 503, 647
What are the prime factors of 4497613?
397, 11329
List the prime factors of 160949.
19, 43, 197
What are the prime factors of 24049153?
479, 50207
List the prime factors of 2555067.
3, 851689
List the prime factors of 178659.
3, 13, 509
List the prime factors of 17830352.
2, 1114397
List the prime factors of 7103667.
3, 37, 63997
List the prime factors of 618321.
3, 11, 41, 457
List the prime factors of 1800625.
5, 43, 67
List the prime factors of 2980877.
89, 33493
What are the prime factors of 3766447?
283, 13309
List the prime factors of 2821532.
2, 7, 100769
List the prime factors of 1179307.
17, 69371
List the prime factors of 14206522.
2, 11, 645751
What are the prime factors of 38068860?
2, 3, 5, 89, 7129
What are the prime factors of 105751?
105751
What are the prime factors of 193996?
2, 11, 4409
List the prime factors of 584662.
2, 13, 113, 199
What are the prime factors of 27675654?
2, 3, 4612609
What are the prime factors of 3243538?
2, 1621769
List the prime factors of 41094.
2, 3, 761
What are the prime factors of 524491?
11, 47681
What are the prime factors of 1227137?
61, 20117
What are the prime factors of 868239?
3, 397
List the prime factors of 2088486.
2, 3, 116027
What are the prime factors of 10818105?
3, 5, 721207
List the prime factors of 7688161.
13, 29, 20393
What are the prime factors of 2565131?
163, 15737
What are the prime factors of 7152577?
43, 181, 919
What are the prime factors of 10904455?
5, 37, 58943
What are the prime factors of 339672?
2, 3, 14153
List the prime factors of 10762821.
3, 157, 2539
List the prime factors of 58530.
2, 3, 5, 1951
What are the prime factors of 211230?
2, 3, 5, 2347
What are the prime factors of 25021144?
2, 17, 183979
List the prime factors of 564679.
564679
What are the prime factors of 1695467?
1695467
What are the prime factors of 4546853?
409, 11117
List the prime factors of 995394.
2, 3, 23, 7213
List the prime factors of 108373.
29, 37, 101
List the prime factors of 8181722.
2, 4090861
What are the prime factors of 196746?
2, 3, 11, 271
What are the prime factors of 2936113?
61, 127, 379
What are the prime factors of 218860?
2, 5, 31, 353
List the prime factors of 9581094.
2, 3, 532283
What are the prime factors of 5199060?
2, 3, 5, 73, 1187
List the prime factors of 1313995.
5, 109, 2411
What are the prime factors of 2210249?
2210249
What are the prime factors of 17360375?
5, 138883
List the prime factors of 830419.
830419
What are the prime factors of 709367?
419, 1693
List the prime factors of 5842653.
3, 1947551
List the prime factors of 1788886.
2, 11, 31, 43, 61
List the prime factors of 15867077.
15867077
List the prime factors of 435939.
3, 7, 20759
List the prime factors of 440576.
2, 1721
List the prime factors of 13447202.
2, 503, 13367
What are the prime factors of 5896002?
2, 3, 7, 140381
List the prime factors of 295094.
2, 147547
List the prime factors of 1534129.
29, 52901
List the prime factors of 2077431.
3, 109, 6353
List the prime factors of 118415.
5, 11, 2153
List the prime factors of 8015468.
2, 211, 9497
List the prime factors of 870788.
2, 217697
What are the prime factors of 74859?
3, 24953
List the prime factors of 1181823.
3, 17, 23173
List the prime factors of 401561.
37, 10853
List the prime factors of 3912609.
3, 47, 27749
List the prime factors of 21189268.
2, 5297317
List the prime factors of 448796.
2, 112199
What are the prime factors of 3011880?
2, 3, 5, 19, 1321
List the prime factors of 956808.
2, 3, 97, 137
List the prime factors of 41472.
2, 3
List the prime factors of 35336.
2, 7, 631
List the prime factors of 3641872.
2, 13, 17509
List the prime factors of 733378.
2, 23, 107, 149
List the prime factors of 884744.
2, 7, 37, 61
What are the prime factors of 1794994?
2, 897497
List the prime factors of 13576810.
2, 5, 13, 181, 577
What are the prime factors of 24140807?
24140807
What are the prime factors of 2253726?
2, 3, 125207
What are the prime factors of 1699231?
43, 919
What are the prime factors of 448447?
43, 10429
What are the prime factors of 4307318?
2, 37, 58207
List the prime factors of 13914531.
3, 223, 2311
What are the prime factors of 8835445?
5, 1767089
What are the prime factors of 13573353?
3, 19, 53, 4493
What are the prime factors of 454609?
454609
What are the prime factors of 407280?
2, 3, 5, 1697
List the prime factors of 176403.
3, 127, 463
List the prime factors of 2612620.
2, 5, 130631
What are the prime factors of 243593?
7, 17, 23, 89
What are the prime factors of 1122605?
5, 11, 20411
What are the prime factors of 127926?
2, 3, 23, 103
What are the prime factors of 1533633?
3, 511211
What are the prime factors of 5120287?
5120287
List the prime factors of 1411330.
2, 5, 107, 1319
List the prime factors of 2009174.
2, 19, 37, 1429
What are the prime factors of 120715?
5, 7, 3449
List the prime factors of 3161459.
7, 451637
What are the prime factors of 28168194?
2, 3, 4694699
List the prime factors of 17873747.
17873747
List the prime factors of 5500648.
2, 687581
List the prime factors of 1104917.
11, 100447
What are the prime factors of 4944804?
2, 3, 412067
List the prime factors of 982367.
107, 9181
List the prime factors of 16201284.
2, 3, 11, 139, 883
List the prime factors of 24969643.
47, 97, 5477
List the prime factors of 108552.
2, 3, 4523
What are the prime factors of 54216?
2, 3, 251
What are the prime factors of 823152?
2, 3, 11, 1559
What are the prime factors of 9290261?
2237, 4153
What are the prime factors of 5087833?
37, 199, 691
What are the prime factors of 6378?
2, 3, 1063
List the prime factors of 579927.
3, 61, 3169
What are the prime factors of 142230?
2, 3, 5, 11, 431
What are the prime factors of 5627977?
5627977
List the prime factors of 596395.
5, 181, 659
What are the prime factors of 19609915?
5, 13, 23, 1009
What are the prime factors of 29533992?
2, 3, 37, 79, 421
List the prime factors of 249405.
3, 5, 13, 1279
What are the prime factors of 156370?
2, 5, 19, 823
What are the prime factors of 12367314?
2, 3, 687073
What are the prime factors of 2184620?
2, 5, 19, 5749
List the prime factors of 6132093.
3, 11, 185821
List the prime factors of 733821.
3, 11, 37, 601
List the prime factors of 3657307.
3657307
What are the prime factors of 313311?
3, 181, 577
What are the prime factors of 1514004?
2, 3, 71, 1777
What are the prime factors of 4717563?
3, 1572521
What are the prime factors of 193466?
2, 7, 13, 1063
List the prime factors of 1168134.
2, 3, 11, 1609
List the prime factors of 36988.
2, 7, 1321
What are the prime factors of 1409725?
5, 17, 31, 107
What are the prime factors of 2808513?
3, 34673
List the prime factors of 1916260.
2, 5, 95813
What are the prime factors of 2423910?
2, 3, 5, 43, 1879
What are the prime factors of 2829472?
2, 29, 3049
What are the prime factors of 278658?
2, 3, 113, 137
What are the prime factors of 98961?
3, 32987
What are the prime factors of 9193057?
37, 248461
List the prime factors of 11749578.
2, 3, 43, 45541
What are the prime factors of 6327605?
5, 1265521
What are the prime factors of 8511070?
2, 5, 73, 89, 131
List the prime factors of 11755586.
2, 5877793
What are the prime factors of 2277264?
2, 3, 11, 19, 227
List the prime factors of 4834269.
3, 11, 41, 397
What are the prime factors of 9886350?
2, 3, 5, 17, 3877
What are the prime factors of 535426?
2, 267713
What are the prime factors of 388387?
61, 6367
What are the prime factors of 117945?
3, 5, 2621
What are th